tor of 790 and 2381218?
158
Calculate the highest common factor of 24485304 and 2380.
68
Calculate the highest common factor of 248669 and 31261.
43
Calculate the greatest common factor of 16281288 and 60.
12
Calculate the highest common factor of 337755 and 2737.
23
Calculate the greatest common divisor of 2657949 and 2688.
21
What is the highest common divisor of 8791 and 82365412?
149
Calculate the greatest common divisor of 13719480 and 9480.
120
What is the highest common factor of 216612 and 13860?
396
Calculate the greatest common divisor of 978 and 313689099.
489
Calculate the greatest common factor of 16 and 295916832.
16
Calculate the highest common divisor of 14970 and 1230.
30
Calculate the highest common divisor of 49 and 76166.
1
What is the greatest common factor of 3800 and 900296?
152
Calculate the highest common divisor of 1573 and 20975669.
143
What is the greatest common factor of 24290673 and 1193?
1193
Calculate the greatest common factor of 157559976 and 276.
12
What is the greatest common factor of 5656 and 715736?
56
What is the highest common divisor of 1618171113 and 169?
169
What is the greatest common divisor of 430 and 165217266?
86
Calculate the highest common divisor of 423 and 813789.
9
What is the highest common factor of 69650 and 112490?
70
What is the greatest common divisor of 102 and 1430074?
34
What is the highest common factor of 105 and 4185705?
15
What is the greatest common divisor of 812303 and 14774?
89
What is the greatest common divisor of 30 and 10605048?
6
Calculate the highest common factor of 3402 and 240246.
162
What is the highest common factor of 693198 and 539?
11
Calculate the highest common divisor of 6095619 and 378643.
5333
What is the highest common factor of 25 and 10532909?
1
What is the greatest common divisor of 778392 and 62928?
1368
What is the highest common divisor of 3479 and 14159033?
497
What is the greatest common divisor of 3680 and 60434800?
1840
Calculate the highest common factor of 5424 and 497578776.
2712
What is the greatest common divisor of 10841 and 24041529?
293
Calculate the greatest common factor of 981780 and 2595.
15
What is the highest common divisor of 84 and 331016028?
84
Calculate the highest common divisor of 646800 and 532400.
4400
What is the greatest common divisor of 2745732 and 3683482?
7502
Calculate the greatest common factor of 81 and 3744189.
9
Calculate the highest common factor of 2416 and 1523088.
16
Calculate the greatest common factor of 31270 and 209686.
118
Calculate the greatest common factor of 34 and 730529389.
17
Calculate the highest common divisor of 8991840 and 44278.
3406
Calculate the highest common divisor of 4475272 and 142.
142
What is the greatest common divisor of 8 and 247703528?
8
Calculate the greatest common factor of 554 and 648950891.
277
What is the highest common divisor of 34022690 and 390?
130
Calculate the greatest common divisor of 13160890 and 255.
85
Calculate the greatest common divisor of 10826400 and 4260.
60
What is the greatest common divisor of 148 and 11567828?
148
Calculate the highest common divisor of 5432 and 21340.
388
Calculate the highest common factor of 156585068 and 21452.
692
What is the highest common factor of 1529063 and 299?
23
Calculate the highest common divisor of 37225 and 681775.
25
What is the highest common divisor of 1067445 and 1045?
5
Calculate the highest common divisor of 49690660 and 8092.
1156
Calculate the greatest common divisor of 1514953374 and 3036.
1518
What is the greatest common divisor of 13557704 and 544?
136
What is the highest common factor of 76600476 and 9?
9
What is the highest common factor of 638004 and 160212?
948
Calculate the greatest common factor of 198460178 and 1004.
502
What is the greatest common factor of 136527941 and 22?
11
What is the greatest common factor of 11525 and 103333611?
461
What is the greatest common factor of 16128849 and 66?
33
What is the greatest common divisor of 77510317 and 229?
229
Calculate the greatest common factor of 9460017 and 945.
189
What is the greatest common divisor of 6 and 72301722?
6
What is the greatest common factor of 854 and 13455764?
14
Calculate the highest common divisor of 2984900 and 34562.
3142
What is the highest common divisor of 2766992 and 949?
73
What is the greatest common factor of 17544 and 9871854?
258
What is the highest common factor of 130221 and 6188?
91
Calculate the greatest common divisor of 10266 and 553146.
174
What is the greatest common factor of 23550806 and 8409?
2803
Calculate the greatest common divisor of 1446231 and 25863.
699
Calculate the highest common factor of 10980 and 99971680.
1220
Calculate the highest common divisor of 24893803 and 29.
29
What is the highest common divisor of 3002 and 1733218?
38
What is the greatest common factor of 48353266 and 522?
58
Calculate the greatest common factor of 1300 and 61350900.
1300
What is the highest common factor of 6344 and 1743482?
26
What is the greatest common factor of 416404 and 56772?
76
Calculate the greatest common factor of 12824 and 3664.
1832
Calculate the highest common factor of 202 and 44909246.
202
What is the greatest common factor of 69900 and 152700?
300
Calculate the highest common factor of 4826910 and 385.
55
Calculate the greatest common divisor of 600 and 35377200.
600
What is the highest common divisor of 816010 and 160810?
130
Calculate the highest common factor of 4680384 and 2166.
114
What is the greatest common factor of 342564 and 29856?
12
What is the highest common factor of 154167001 and 206?
103
What is the highest common divisor of 784 and 129744?
16
Calculate the highest common divisor of 919000 and 37000.
1000
What is the greatest common factor of 336 and 7795914?
42
Calculate the highest common factor of 52 and 4676036.
4
What is the highest common divisor of 813216 and 556248?
1032
What is the greatest common divisor of 732 and 20445980?
244
What is the highest common divisor of 2697940 and 6860?
980
What is the greatest common factor of 552 and 405600?
24
What is the highest common divisor of 833142 and 988998?
1146
Calculate the highest common divisor of 39623904 and 162.
162
What is the greatest common divisor of 676242 and 5670?
378
What is the highest common divisor of 18085 and 1600486330?
18085
What is the greatest common divisor of 519980 and 33?
1
Calculate the highest common divisor of 1046380 and 145996.
452
What is the greatest common factor of 808157 and 49?
49
Calculate the highest common factor of 56 and 25869067.
7
What is the highest common divisor of 188947 and 806607?
89
What is the greatest common factor of 20 and 22241970?
10
What is the greatest common divisor of 14751 and 702237?
447
Calculate the greatest common factor of 38 and 65318200.
38
What is the greatest common divisor of 7117 and 6575461?
647
What is the highest common factor of 18732 and 68136089?
1561
What is the highest common divisor of 2156153 and 2825?
113
Calculate the highest common divisor of 2086 and 14838016.
298
What is the highest common divisor of 1061766 and 11346?
366
Calculate the greatest common factor of 6573 and 360982587.
6573
What is the greatest common divisor of 16 and 47222104?
8
What is the greatest common divisor of 2847935 and 5620?
1405
What is the highest common factor of 46802 and 7014?
14
Calculate the highest common factor of 5620878 and 966.
138
Calculate the greatest common divisor of 39 and 14878323.
3
Calculate the greatest common factor of 3543617 and 253.
11
What is the greatest common divisor of 13716 and 324108?
108
What is the highest common factor of 77599 and 700517?
1063
What is the greatest common divisor of 8537402 and 6854?
298
What is the highest common factor of 2346 and 174454?
34
What is the highest common factor of 95 and 773965?
95
What is the greatest common divisor of 16863 and 37616754?
1533
What is the highest common factor of 15 and 9972767?
1
Calculate the greatest common factor of 1170 and 223314780.
390
What is the highest common divisor of 555 and 5654475?
15
What is the highest common divisor of 412787312 and 608?
304
Calculate the greatest common divisor of 435996 and 4048.
44
What is the greatest common divisor of 510686 and 39754?
3058
C